{"version":"1.0","provider_name":"Fundacja Ukraina","provider_url":"https:\/\/fundacjaukraina.eu\/uk\/","author_name":"fu-admin","author_url":"https:\/\/fundacjaukraina.eu\/uk\/author\/fu-admin\/","title":"PRAWDA I MITY O SZCZEPIONKACH NA COVID-19 - Fundacja Ukraina","type":"rich","width":600,"height":338,"html":"<blockquote class=\"wp-embedded-content\" data-secret=\"OirKpU2ZaF\"><a href=\"https:\/\/fundacjaukraina.eu\/uk\/prawda-i-mity-o-szczepionkach-na-covid-19\/\">PRAWDA I MITY O SZCZEPIONKACH NA COVID-19<\/a><\/blockquote><iframe sandbox=\"allow-scripts\" security=\"restricted\" src=\"https:\/\/fundacjaukraina.eu\/uk\/prawda-i-mity-o-szczepionkach-na-covid-19\/embed\/#?secret=OirKpU2ZaF\" width=\"600\" height=\"338\" title=\"&#8220;PRAWDA I MITY O SZCZEPIONKACH NA COVID-19&#8221; &#8212; Fundacja Ukraina\" data-secret=\"OirKpU2ZaF\" frameborder=\"0\" marginwidth=\"0\" marginheight=\"0\" scrolling=\"no\" class=\"wp-embedded-content\"><\/iframe><script type=\"text\/javascript\">\n\/* <![CDATA[ *\/\n\/*! This file is auto-generated *\/\n!function(d,l){\"use strict\";l.querySelector&&d.addEventListener&&\"undefined\"!=typeof URL&&(d.wp=d.wp||{},d.wp.receiveEmbedMessage||(d.wp.receiveEmbedMessage=function(e){var t=e.data;if((t||t.secret||t.message||t.value)&&!\/[^a-zA-Z0-9]\/.test(t.secret)){for(var s,r,n,a=l.querySelectorAll('iframe[data-secret=\"'+t.secret+'\"]'),o=l.querySelectorAll('blockquote[data-secret=\"'+t.secret+'\"]'),c=new RegExp(\"^https?:$\",\"i\"),i=0;i<o.length;i++)o[i].style.display=\"none\";for(i=0;i<a.length;i++)s=a[i],e.source===s.contentWindow&&(s.removeAttribute(\"style\"),\"height\"===t.message?(1e3<(r=parseInt(t.value,10))?r=1e3:~~r<200&&(r=200),s.height=r):\"link\"===t.message&&(r=new URL(s.getAttribute(\"src\")),n=new URL(t.value),c.test(n.protocol))&&n.host===r.host&&l.activeElement===s&&(d.top.location.href=t.value))}},d.addEventListener(\"message\",d.wp.receiveEmbedMessage,!1),l.addEventListener(\"DOMContentLoaded\",function(){for(var e,t,s=l.querySelectorAll(\"iframe.wp-embedded-content\"),r=0;r<s.length;r++)(t=(e=s[r]).getAttribute(\"data-secret\"))||(t=Math.random().toString(36).substring(2,12),e.src+=\"#?secret=\"+t,e.setAttribute(\"data-secret\",t)),e.contentWindow.postMessage({message:\"ready\",secret:t},\"*\")},!1)))}(window,document);\n\/\/# sourceURL=https:\/\/fundacjaukraina.eu\/wp-includes\/js\/wp-embed.min.js\n\/* ]]> *\/\n<\/script>\n","thumbnail_url":"https:\/\/fundacjaukraina.eu\/wp-content\/uploads\/2023\/01\/sam-moqadam-2rrsfmn4hn8-unsplash-1.jpg","thumbnail_width":1920,"thumbnail_height":1280,"description":"Pytanie, kt\u00f3re pojawi\u0142o si\u0119 w g\u0142owie prawie ka\u017cdego migranta przebywaj\u0105cego na terytorium Polski &#8211;\u00a0 Jak wygl\u0105da polski program szczepie\u0144 przeciwko COVID-19 i czy jest w nim miejsce na szczepienia dla migrant\u00f3w? Dziennikarka Klaudia Karda\u015b na zlecenie Fundacji Ukraina postara\u0142a si\u0119 wyja\u015bni\u0107 prawd\u0119 i mity o szczepionkach, jak wygl\u0105da wst\u0119pny harmonogram szczepie\u0144 oraz czy migranci mog\u0105..."}

Pytanie, które pojawiło się w głowie prawie każdego migranta przebywającego na terytorium Polski &#8211;  Jak wygląda polski program szczepień przeciwko COVID-19 i czy jest w nim miejsce na szczepienia dla migrantów? Dziennikarka Klaudia Kardaś na zlecenie Fundacji Ukraina postarała się wyjaśnić prawdę i mity o szczepionkach, jak wygląda wstępny harmonogram szczepień oraz czy migranci mogą...
